{"id":31769,"date":"2024-08-13T08:05:04","date_gmt":"2024-08-13T08:05:04","guid":{"rendered":"https:\/\/safari.mx\/index.php\/product\/club-de-nuit-blue-iconic-105ml-armaf\/"},"modified":"2024-08-13T08:05:10","modified_gmt":"2024-08-13T08:05:10","slug":"club-de-nuit-blue-iconic-105ml-armaf","status":"publish","type":"product","link":"https:\/\/safari.mx\/index.php\/product\/club-de-nuit-blue-iconic-105ml-armaf\/","title":{"rendered":"Club de Nuit Blue Iconic &#8211; 105ml &#8211; Armaf"},"content":{"rendered":"<p>Acordes: Amaderado, Ambar, Citrico, Calido Especiado, Fresco especiado.<\/p>\n","protected":false},"excerpt":{"rendered":"<p><b>Club de Nuit Blue Iconic<\/b>\u00a0de\u00a0<b>Armaf<\/b>\u00a0es una fragancia de la familia olfativa para Hombres. Esta fragrancia es nueva.\u00a0<b>Club de Nuit Blue Iconic<\/b>\u00a0se lanz\u00f3 en 2022. Las Notas de Salida son toronja (pomelo), menta, pimienta rosa, cilantro y lim\u00f3n (lima \u00e1cida); las Notas de Coraz\u00f3n son jengibre, nuez moscada, jazm\u00edn y mel\u00f3n; las Notas de Fondo son s\u00e1ndalo, incienso, \u00e1mbar, cedro, notas amaderadas, l\u00e1dano y pachul\u00ed.<\/p>\n","protected":false},"featured_media":31055,"comment_status":"open","ping_status":"open","template":"","meta":[],"product_cat":[633,372,373,342,340,362,343,339,351,428,430],"product_tag":[],"class_list":{"0":"post-31769","1":"product","2":"type-product","3":"status-publish","4":"has-post-thumbnail","6":"product_cat-perfumes-arabes-perfumes-de-linea","7":"product_cat-arabe-clasificacion","8":"product_cat-armaf-marca","9":"product_cat-clasificacion","10":"product_cat-concentracion","11":"product_cat-eau-de-parfum-concentracion","12":"product_cat-genero","13":"product_cat-marca","14":"product_cat-masculino-genero","15":"product_cat-perfumes-de-linea","16":"product_cat-perfumes-de-linea-caballero","17":"ts_product_brand-armaf","19":"first","20":"instock","21":"purchasable","22":"product-type-simple","23":"add-to-wishlist-after_add_to_cart"},"aioseo_notices":[],"_links":{"self":[{"href":"https:\/\/safari.mx\/index.php\/wp-json\/wp\/v2\/product\/31769","targetHints":{"allow":["GET"]}}],"collection":[{"href":"https:\/\/safari.mx\/index.php\/wp-json\/wp\/v2\/product"}],"about":[{"href":"https:\/\/safari.mx\/index.php\/wp-json\/wp\/v2\/types\/product"}],"replies":[{"embeddable":true,"href":"https:\/\/safari.mx\/index.php\/wp-json\/wp\/v2\/comments?post=31769"}],"wp:featuredmedia":[{"embeddable":true,"href":"https:\/\/safari.mx\/index.php\/wp-json\/wp\/v2\/media\/31055"}],"wp:attachment":[{"href":"https:\/\/safari.mx\/index.php\/wp-json\/wp\/v2\/media?parent=31769"}],"wp:term":[{"taxonomy":"product_cat","embeddable":true,"href":"https:\/\/safari.mx\/index.php\/wp-json\/wp\/v2\/product_cat?post=31769"},{"taxonomy":"product_tag","embeddable":true,"href":"https:\/\/safari.mx\/index.php\/wp-json\/wp\/v2\/product_tag?post=31769"}],"curies":[{"name":"wp","href":"https:\/\/api.w.org\/{rel}","templated":true}]}}