{"id":35258,"date":"2024-08-13T12:15:38","date_gmt":"2024-08-13T12:15:38","guid":{"rendered":"https:\/\/safari.mx\/index.php\/product\/angel-eau-de-parfum-100ml-thierry-mugler\/"},"modified":"2024-10-03T18:31:00","modified_gmt":"2024-10-03T18:31:00","slug":"angel-eau-de-parfum-100ml-thierry-mugler","status":"publish","type":"product","link":"https:\/\/safari.mx\/index.php\/product\/angel-eau-de-parfum-100ml-thierry-mugler\/","title":{"rendered":"Angel Eau De Parfum &#8211; 100ml &#8211; Thierry Mugler"},"content":{"rendered":"<p><strong>ACORDES:<\/strong> Dulce, pachul\u00ed, c\u00e1lido especiado, caramelo, afrutados, avainillado, amaderado, amielado, atalcado, chocolate.<\/p>\n","protected":false},"excerpt":{"rendered":"<p><b>Angel<\/b>\u00a0de\u00a0<b>Mugler<\/b>\u00a0es una fragancia de la familia olfativa \u00c1mbar Vainilla para Mujeres.\u00a0<b>Angel<\/b>\u00a0se lanz\u00f3 en 1992. Angel fue creada por Olivier Cresp y Yves de Chirin. Las Notas de Salida son algod\u00f3n de az\u00facar, coco, casis (grosellero negro), mel\u00f3n, jazm\u00edn, bergamota, pi\u00f1a y mandarina; las Notas de Coraz\u00f3n son miel, bayas rojas, zarzamora (frambuesa negra), ciruela, chabacano, durazno (melocot\u00f3n), jazm\u00edn, orqu\u00eddea, nuez moscada, alcaravea, rosa y lirio de los valles (muguete); las Notas de Fondo son pachul\u00ed, chocolate, caramelo, vainilla, haba tonka, \u00e1mbar, almizcle y s\u00e1ndalo. Este perfume es el ganador del premio\u00a0<b>FiFi Award Hall Of Fame 2007<\/b>.<\/p>\n","protected":false},"featured_media":34811,"comment_status":"open","ping_status":"closed","template":"","meta":[],"product_cat":[639,491,342,340,353,362,370,343,339,428,431],"product_tag":[],"class_list":{"0":"post-35258","1":"product","2":"type-product","3":"status-publish","4":"has-post-thumbnail","6":"product_cat-perfumes-de-linea-dama-perfumes-de-linea","7":"product_cat-thierry-mugler-marca","8":"product_cat-clasificacion","9":"product_cat-concentracion","10":"product_cat-disenador-clasificacion","11":"product_cat-eau-de-parfum-concentracion","12":"product_cat-femenino-genero","13":"product_cat-genero","14":"product_cat-marca","15":"product_cat-perfumes-de-linea","16":"product_cat-perfumes-disenador-perfumes-de-linea","17":"ts_product_brand-thierry-mugler","19":"first","20":"instock","21":"purchasable","22":"product-type-simple","23":"add-to-wishlist-after_add_to_cart"},"aioseo_notices":[],"_links":{"self":[{"href":"https:\/\/safari.mx\/index.php\/wp-json\/wp\/v2\/product\/35258","targetHints":{"allow":["GET"]}}],"collection":[{"href":"https:\/\/safari.mx\/index.php\/wp-json\/wp\/v2\/product"}],"about":[{"href":"https:\/\/safari.mx\/index.php\/wp-json\/wp\/v2\/types\/product"}],"replies":[{"embeddable":true,"href":"https:\/\/safari.mx\/index.php\/wp-json\/wp\/v2\/comments?post=35258"}],"wp:featuredmedia":[{"embeddable":true,"href":"https:\/\/safari.mx\/index.php\/wp-json\/wp\/v2\/media\/34811"}],"wp:attachment":[{"href":"https:\/\/safari.mx\/index.php\/wp-json\/wp\/v2\/media?parent=35258"}],"wp:term":[{"taxonomy":"product_cat","embeddable":true,"href":"https:\/\/safari.mx\/index.php\/wp-json\/wp\/v2\/product_cat?post=35258"},{"taxonomy":"product_tag","embeddable":true,"href":"https:\/\/safari.mx\/index.php\/wp-json\/wp\/v2\/product_tag?post=35258"}],"curies":[{"name":"wp","href":"https:\/\/api.w.org\/{rel}","templated":true}]}}