{"id":36573,"date":"2024-08-13T13:35:41","date_gmt":"2024-08-13T13:35:41","guid":{"rendered":"https:\/\/safari.mx\/index.php\/product\/eros-eau-de-parfum-100ml-versace\/"},"modified":"2024-10-12T03:23:02","modified_gmt":"2024-10-12T03:23:02","slug":"versace-pour-homme-dylan-blue-100ml-tester-versace","status":"publish","type":"product","link":"https:\/\/safari.mx\/index.php\/product\/versace-pour-homme-dylan-blue-100ml-tester-versace\/","title":{"rendered":"Versace Pour Homme Dylan Blue &#8211; 100ml Tester &#8211; Versace"},"content":{"rendered":"<p><strong>ACORDES:<\/strong> \u00c1mbar, c\u00edtrico, fresco especiado, almizclado, acu\u00e1tico, c\u00e1lido especiado, amaderado, fresco, arom\u00e1tico, ahumado.<\/p>\n","protected":false},"excerpt":{"rendered":"<p><b>Versace Pour Homme Dylan Blue<\/b>\u00a0de\u00a0<b>Versace<\/b>\u00a0es una fragancia de la familia olfativa Arom\u00e1tica Foug\u00e8re para Hombres.\u00a0<b>Versace Pour Homme Dylan Blue<\/b>\u00a0se lanz\u00f3 en 2016. La Nariz detr\u00e1s de esta fragrancia es Alberto Morillas. Las Notas de Salida son bergamota de Calabria, notas acu\u00e1ticas, toronja (pomelo) y hojas de higuera; las Notas de Coraz\u00f3n son ambroxan, pimienta negra, pachul\u00ed, hojas de violeta y papiro de Egipto; las Notas de Fondo son incienso, almizcle, haba tonka y azafr\u00e1n.<\/p>\n","protected":false},"featured_media":36578,"comment_status":"open","ping_status":"closed","template":"","meta":[],"product_cat":[495,342,340,353,354,343,339,351,713,714],"product_tag":[],"class_list":{"0":"post-36573","1":"product","2":"type-product","3":"status-publish","4":"has-post-thumbnail","6":"product_cat-versace-marca","7":"product_cat-clasificacion","8":"product_cat-concentracion","9":"product_cat-disenador-clasificacion","10":"product_cat-eau-de-toilette-concentracion","11":"product_cat-genero","12":"product_cat-marca","13":"product_cat-masculino-genero","14":"product_cat-tester","15":"product_cat-tester-caballero-tester","16":"ts_product_brand-versace","18":"first","19":"outofstock","20":"purchasable","21":"product-type-simple","22":"add-to-wishlist-after_add_to_cart"},"aioseo_notices":[],"_links":{"self":[{"href":"https:\/\/safari.mx\/index.php\/wp-json\/wp\/v2\/product\/36573","targetHints":{"allow":["GET"]}}],"collection":[{"href":"https:\/\/safari.mx\/index.php\/wp-json\/wp\/v2\/product"}],"about":[{"href":"https:\/\/safari.mx\/index.php\/wp-json\/wp\/v2\/types\/product"}],"replies":[{"embeddable":true,"href":"https:\/\/safari.mx\/index.php\/wp-json\/wp\/v2\/comments?post=36573"}],"wp:featuredmedia":[{"embeddable":true,"href":"https:\/\/safari.mx\/index.php\/wp-json\/wp\/v2\/media\/36578"}],"wp:attachment":[{"href":"https:\/\/safari.mx\/index.php\/wp-json\/wp\/v2\/media?parent=36573"}],"wp:term":[{"taxonomy":"product_cat","embeddable":true,"href":"https:\/\/safari.mx\/index.php\/wp-json\/wp\/v2\/product_cat?post=36573"},{"taxonomy":"product_tag","embeddable":true,"href":"https:\/\/safari.mx\/index.php\/wp-json\/wp\/v2\/product_tag?post=36573"}],"curies":[{"name":"wp","href":"https:\/\/api.w.org\/{rel}","templated":true}]}}