{"id":36946,"date":"2024-08-13T14:10:37","date_gmt":"2024-08-13T14:10:37","guid":{"rendered":"https:\/\/safari.mx\/index.php\/product\/odyssey-tyrant-special-100ml-armaf\/"},"modified":"2024-10-04T01:18:52","modified_gmt":"2024-10-04T01:18:52","slug":"odyssey-tyrant-special-100ml-armaf","status":"publish","type":"product","link":"https:\/\/safari.mx\/index.php\/product\/odyssey-tyrant-special-100ml-armaf\/","title":{"rendered":"Odyssey Tyrant Special &#8211; 100ml &#8211; Armaf"},"content":{"rendered":"<p><b>ACORDES: Arom\u00e1tico, Picante Fresco, Le\u00f1oso, Agrios, \u00c1mbar.<\/b><\/p>\n","protected":false},"excerpt":{"rendered":"<div class=\"container\">\n<div class=\"tabs\">\n<div id=\"tab-content\" class=\"tab-content\">\n<div id=\"description\" class=\"tab-pane fade in active\" role=\"tabpanel\">\n<div class=\"product-description\">\n<p>&nbsp;<\/p>\n<\/div>\n<\/div>\n<\/div>\n<\/div>\n<\/div>\n<div id=\"related-products\" class=\"swiper-container swiper-container-initialized swiper-container-horizontal\">\n<div class=\"swiper-wrapper\">\n<div class=\"swiper-slide swiper-slide-active\">\n<article class=\"product-miniature js-product-miniature\" data-id-product=\"286\" data-id-product-attribute=\"0\">\n<div class=\"thumbnail-container\">\n<div class=\"img-holder\">\n<p><b>Odyssey Tyrant Special Edition<\/b>\u00a0de\u00a0<b>Armaf<\/b>\u00a0es una fragancia de la familia olfativa Amber Woody para hombres.\u00a0Esta es una nueva fragancia.\u00a0<b>Odyssey Tyrant Special Edition<\/b>\u00a0se lanz\u00f3 en 2023. Las Notas de Salida son toronja (pomelo) y c\u00edtricos;\u00a0<span class=\"VIpgJd-yAWNEb-VIpgJd-fmcmS-sn54Q\">las Notas de Coraz\u00f3n son lavanda, geranio, pimienta y elem\u00ed;\u00a0<\/span>las Notas de Fondo son notas amaderadas, ambroxan, vetiver y cedro.<\/p>\n<\/div>\n<\/div>\n<\/article>\n<\/div>\n<\/div>\n<\/div>\n","protected":false},"featured_media":32511,"comment_status":"open","ping_status":"closed","template":"","meta":[],"product_cat":[633,372,373,342,340,362,343,339,351,428,430],"product_tag":[],"class_list":{"0":"post-36946","1":"product","2":"type-product","3":"status-publish","4":"has-post-thumbnail","6":"product_cat-perfumes-arabes-perfumes-de-linea","7":"product_cat-arabe-clasificacion","8":"product_cat-armaf-marca","9":"product_cat-clasificacion","10":"product_cat-concentracion","11":"product_cat-eau-de-parfum-concentracion","12":"product_cat-genero","13":"product_cat-marca","14":"product_cat-masculino-genero","15":"product_cat-perfumes-de-linea","16":"product_cat-perfumes-de-linea-caballero","17":"ts_product_brand-armaf","19":"first","20":"instock","21":"purchasable","22":"product-type-simple","23":"add-to-wishlist-after_add_to_cart"},"aioseo_notices":[],"_links":{"self":[{"href":"https:\/\/safari.mx\/index.php\/wp-json\/wp\/v2\/product\/36946","targetHints":{"allow":["GET"]}}],"collection":[{"href":"https:\/\/safari.mx\/index.php\/wp-json\/wp\/v2\/product"}],"about":[{"href":"https:\/\/safari.mx\/index.php\/wp-json\/wp\/v2\/types\/product"}],"replies":[{"embeddable":true,"href":"https:\/\/safari.mx\/index.php\/wp-json\/wp\/v2\/comments?post=36946"}],"wp:featuredmedia":[{"embeddable":true,"href":"https:\/\/safari.mx\/index.php\/wp-json\/wp\/v2\/media\/32511"}],"wp:attachment":[{"href":"https:\/\/safari.mx\/index.php\/wp-json\/wp\/v2\/media?parent=36946"}],"wp:term":[{"taxonomy":"product_cat","embeddable":true,"href":"https:\/\/safari.mx\/index.php\/wp-json\/wp\/v2\/product_cat?post=36946"},{"taxonomy":"product_tag","embeddable":true,"href":"https:\/\/safari.mx\/index.php\/wp-json\/wp\/v2\/product_tag?post=36946"}],"curies":[{"name":"wp","href":"https:\/\/api.w.org\/{rel}","templated":true}]}}