{"id":38040,"date":"2024-08-13T15:08:27","date_gmt":"2024-08-13T15:08:27","guid":{"rendered":"https:\/\/safari.mx\/index.php\/product\/man-glacial-essence-100ml-bvlgari\/"},"modified":"2024-08-13T15:08:30","modified_gmt":"2024-08-13T15:08:30","slug":"man-glacial-essence-100ml-bvlgari","status":"publish","type":"product","link":"https:\/\/safari.mx\/index.php\/product\/man-glacial-essence-100ml-bvlgari\/","title":{"rendered":"Man Glacial Essence &#8211; 100Ml &#8211; Bvlgari"},"content":{"rendered":"<p>Acordes: Amaderado, arom\u00e1tico, fresco especiado, atalcado, almizclado, c\u00e1lido especiado, herbal.<\/p>\n","protected":false},"excerpt":{"rendered":"<p>Bvlgari Man Glacial Essence de Bvlgari es una fragancia de la familia olfativa Arom\u00e1tica Foug\u00e8re para Hombres. Bvlgari Man Glacial Essence se lanz\u00f3 en 2020. La Nariz detr\u00e1s de esta fragancia es Alberto Morillas. Las Notas de Salida son bayas de enebro, jengibre y geranio; las Notas de Coraz\u00f3n son s\u00e1ndalo, abr\u00f3tano y ra\u00edz de lirio; las Notas de Fondo son Clearwood, almizcle y cedro.<\/p>\n","protected":false},"featured_media":38042,"comment_status":"open","ping_status":"open","template":"","meta":[],"product_cat":[379,342,340,353,362,343,339,351,428,430,431],"product_tag":[],"class_list":{"0":"post-38040","1":"product","2":"type-product","3":"status-publish","4":"has-post-thumbnail","6":"product_cat-bvlgari-marca","7":"product_cat-clasificacion","8":"product_cat-concentracion","9":"product_cat-disenador-clasificacion","10":"product_cat-eau-de-parfum-concentracion","11":"product_cat-genero","12":"product_cat-marca","13":"product_cat-masculino-genero","14":"product_cat-perfumes-de-linea","15":"product_cat-perfumes-de-linea-caballero","16":"product_cat-perfumes-disenador-perfumes-de-linea","18":"first","19":"instock","20":"purchasable","21":"product-type-simple","22":"add-to-wishlist-after_add_to_cart"},"aioseo_notices":[],"_links":{"self":[{"href":"https:\/\/safari.mx\/index.php\/wp-json\/wp\/v2\/product\/38040","targetHints":{"allow":["GET"]}}],"collection":[{"href":"https:\/\/safari.mx\/index.php\/wp-json\/wp\/v2\/product"}],"about":[{"href":"https:\/\/safari.mx\/index.php\/wp-json\/wp\/v2\/types\/product"}],"replies":[{"embeddable":true,"href":"https:\/\/safari.mx\/index.php\/wp-json\/wp\/v2\/comments?post=38040"}],"wp:featuredmedia":[{"embeddable":true,"href":"https:\/\/safari.mx\/index.php\/wp-json\/wp\/v2\/media\/38042"}],"wp:attachment":[{"href":"https:\/\/safari.mx\/index.php\/wp-json\/wp\/v2\/media?parent=38040"}],"wp:term":[{"taxonomy":"product_cat","embeddable":true,"href":"https:\/\/safari.mx\/index.php\/wp-json\/wp\/v2\/product_cat?post=38040"},{"taxonomy":"product_tag","embeddable":true,"href":"https:\/\/safari.mx\/index.php\/wp-json\/wp\/v2\/product_tag?post=38040"}],"curies":[{"name":"wp","href":"https:\/\/api.w.org\/{rel}","templated":true}]}}