{"id":38142,"date":"2024-08-13T15:12:05","date_gmt":"2024-08-13T15:12:05","guid":{"rendered":"https:\/\/safari.mx\/index.php\/product\/eternity-moment-100ml-calvin-klein\/"},"modified":"2024-08-13T15:12:09","modified_gmt":"2024-08-13T15:12:09","slug":"eternity-moment-100ml-calvin-klein","status":"publish","type":"product","link":"https:\/\/safari.mx\/index.php\/product\/eternity-moment-100ml-calvin-klein\/","title":{"rendered":"Eternity Moment &#8211; 100ml &#8211; Calvin Klein"},"content":{"rendered":"<p>Acordes: Florales, fresco, afrutados, floral blanco, acu\u00e1tico, amaderado, tropical, dulce, rosas, almizclado.<\/p>\n","protected":false},"excerpt":{"rendered":"<p>Eternity Moment de Calvin Klein es una fragancia de la familia olfativa Floral para Mujeres. Eternity Moment se lanz\u00f3 en 2004. Eternity Moment fue creada por Harry Fremont y Jacques Cavallier. Las Notas de Salida son lichi, frambuesa, mel\u00f3n y guayaba; las Notas de Coraz\u00f3n son peon\u00eda rosada de China, jazm\u00edn, nen\u00fafar (lirio de agua) y flor de pasionaria; las Notas de Fondo son almizcle, palo de rosa de Brasil, madera de cachemira y s\u00e1ndalo.<\/p>\n","protected":false},"featured_media":38144,"comment_status":"open","ping_status":"open","template":"","meta":[],"product_cat":[639,381,342,340,353,362,370,343,339,428,431],"product_tag":[],"class_list":{"0":"post-38142","1":"product","2":"type-product","3":"status-publish","4":"has-post-thumbnail","6":"product_cat-perfumes-de-linea-dama-perfumes-de-linea","7":"product_cat-calvin-klein-marca","8":"product_cat-clasificacion","9":"product_cat-concentracion","10":"product_cat-disenador-clasificacion","11":"product_cat-eau-de-parfum-concentracion","12":"product_cat-femenino-genero","13":"product_cat-genero","14":"product_cat-marca","15":"product_cat-perfumes-de-linea","16":"product_cat-perfumes-disenador-perfumes-de-linea","18":"first","19":"instock","20":"purchasable","21":"product-type-simple","22":"add-to-wishlist-after_add_to_cart"},"aioseo_notices":[],"_links":{"self":[{"href":"https:\/\/safari.mx\/index.php\/wp-json\/wp\/v2\/product\/38142","targetHints":{"allow":["GET"]}}],"collection":[{"href":"https:\/\/safari.mx\/index.php\/wp-json\/wp\/v2\/product"}],"about":[{"href":"https:\/\/safari.mx\/index.php\/wp-json\/wp\/v2\/types\/product"}],"replies":[{"embeddable":true,"href":"https:\/\/safari.mx\/index.php\/wp-json\/wp\/v2\/comments?post=38142"}],"wp:featuredmedia":[{"embeddable":true,"href":"https:\/\/safari.mx\/index.php\/wp-json\/wp\/v2\/media\/38144"}],"wp:attachment":[{"href":"https:\/\/safari.mx\/index.php\/wp-json\/wp\/v2\/media?parent=38142"}],"wp:term":[{"taxonomy":"product_cat","embeddable":true,"href":"https:\/\/safari.mx\/index.php\/wp-json\/wp\/v2\/product_cat?post=38142"},{"taxonomy":"product_tag","embeddable":true,"href":"https:\/\/safari.mx\/index.php\/wp-json\/wp\/v2\/product_tag?post=38142"}],"curies":[{"name":"wp","href":"https:\/\/api.w.org\/{rel}","templated":true}]}}