{"id":38285,"date":"2024-08-13T15:24:04","date_gmt":"2024-08-13T15:24:04","guid":{"rendered":"https:\/\/safari.mx\/index.php\/product\/chic-for-men-100ml-carolina-herrera\/"},"modified":"2024-08-13T15:24:08","modified_gmt":"2024-08-13T15:24:08","slug":"chic-for-men-100ml-carolina-herrera","status":"publish","type":"product","link":"https:\/\/safari.mx\/index.php\/product\/chic-for-men-100ml-carolina-herrera\/","title":{"rendered":"Chic For Men 100Ml &#8211; Carolina Herrera"},"content":{"rendered":"<p><strong>ACORDES:<\/strong> C\u00e1lido especiado, c\u00edtrico, fresco especiado, oz\u00f3nico, acu\u00e1tico, arom\u00e1tico, amaderado, canela, atalcado, \u00e1mbar.<\/p>\n","protected":false},"excerpt":{"rendered":"<p>Chic For Men de Carolina Herrera es una fragancia de la familia olfativa Amaderada Especiada para Hombres. Chic For Men se lanz\u00f3 en 2003. Chic For Men fue creada por Carlos Benaim, Rosendo Mateu y Jean-Marc Chaillan. Las Notas de Salida son sand\u00eda, cardamomo, lim\u00f3n (lima \u00e1cida), bergamota y mandarina; las Notas de Coraz\u00f3n son pimienta y canela; las Notas de Fondo son s\u00e1ndalo, almizcle, haba tonka, \u00e1mbar y cedro.<\/p>\n","protected":false},"featured_media":38287,"comment_status":"open","ping_status":"open","template":"","meta":[],"product_cat":[385,342,340,353,354,343,339,351,428,430,431],"product_tag":[],"class_list":{"0":"post-38285","1":"product","2":"type-product","3":"status-publish","4":"has-post-thumbnail","6":"product_cat-carolina-herrera-marca","7":"product_cat-clasificacion","8":"product_cat-concentracion","9":"product_cat-disenador-clasificacion","10":"product_cat-eau-de-toilette-concentracion","11":"product_cat-genero","12":"product_cat-marca","13":"product_cat-masculino-genero","14":"product_cat-perfumes-de-linea","15":"product_cat-perfumes-de-linea-caballero","16":"product_cat-perfumes-disenador-perfumes-de-linea","17":"ts_product_brand-carolina-herrera","19":"first","20":"instock","21":"purchasable","22":"product-type-simple","23":"add-to-wishlist-after_add_to_cart"},"aioseo_notices":[],"_links":{"self":[{"href":"https:\/\/safari.mx\/index.php\/wp-json\/wp\/v2\/product\/38285","targetHints":{"allow":["GET"]}}],"collection":[{"href":"https:\/\/safari.mx\/index.php\/wp-json\/wp\/v2\/product"}],"about":[{"href":"https:\/\/safari.mx\/index.php\/wp-json\/wp\/v2\/types\/product"}],"replies":[{"embeddable":true,"href":"https:\/\/safari.mx\/index.php\/wp-json\/wp\/v2\/comments?post=38285"}],"wp:featuredmedia":[{"embeddable":true,"href":"https:\/\/safari.mx\/index.php\/wp-json\/wp\/v2\/media\/38287"}],"wp:attachment":[{"href":"https:\/\/safari.mx\/index.php\/wp-json\/wp\/v2\/media?parent=38285"}],"wp:term":[{"taxonomy":"product_cat","embeddable":true,"href":"https:\/\/safari.mx\/index.php\/wp-json\/wp\/v2\/product_cat?post=38285"},{"taxonomy":"product_tag","embeddable":true,"href":"https:\/\/safari.mx\/index.php\/wp-json\/wp\/v2\/product_tag?post=38285"}],"curies":[{"name":"wp","href":"https:\/\/api.w.org\/{rel}","templated":true}]}}