{"id":38377,"date":"2024-08-13T15:27:25","date_gmt":"2024-08-13T15:27:25","guid":{"rendered":"https:\/\/safari.mx\/index.php\/product\/curve-wave-100ml-liz-claiborne\/"},"modified":"2024-08-13T15:27:30","modified_gmt":"2024-08-13T15:27:30","slug":"cool-water-125ml-davidoff","status":"publish","type":"product","link":"https:\/\/safari.mx\/index.php\/product\/cool-water-125ml-davidoff\/","title":{"rendered":"Cool Water 125Ml &#8211; Davidoff"},"content":{"rendered":"<p><strong>ACORDES:<\/strong> Arom\u00e1tico, verde, marino, fresco especiado, lavanda, amaderado, salado.<\/p>\n","protected":false},"excerpt":{"rendered":"<p>Cool Water de Davidoff es una fragancia de la familia olfativa Arom\u00e1tica Acu\u00e1tica para Hombres. Cool Water se lanz\u00f3 en 1988. La Nariz detr\u00e1s de esta fragrancia es Pierre Bourdon. Las Notas de Salida son agua de mar, lavanda, menta, notas verdes, romero, calone y cilantro; las Notas de Coraz\u00f3n son s\u00e1ndalo, neroli, geranio y jazm\u00edn; las Notas de Fondo son almizcle, musgo de roble, tabaco, cedro y \u00e1mbar gris.<\/p>\n","protected":false},"featured_media":38380,"comment_status":"open","ping_status":"open","template":"","meta":[],"product_cat":[342,340,397,353,354,343,339,351,428,430,431],"product_tag":[],"class_list":{"0":"post-38377","1":"product","2":"type-product","3":"status-publish","4":"has-post-thumbnail","6":"product_cat-clasificacion","7":"product_cat-concentracion","8":"product_cat-davidoff-marca","9":"product_cat-disenador-clasificacion","10":"product_cat-eau-de-toilette-concentracion","11":"product_cat-genero","12":"product_cat-marca","13":"product_cat-masculino-genero","14":"product_cat-perfumes-de-linea","15":"product_cat-perfumes-de-linea-caballero","16":"product_cat-perfumes-disenador-perfumes-de-linea","17":"ts_product_brand-davidoff","19":"first","20":"instock","21":"purchasable","22":"product-type-simple","23":"add-to-wishlist-after_add_to_cart"},"aioseo_notices":[],"_links":{"self":[{"href":"https:\/\/safari.mx\/index.php\/wp-json\/wp\/v2\/product\/38377","targetHints":{"allow":["GET"]}}],"collection":[{"href":"https:\/\/safari.mx\/index.php\/wp-json\/wp\/v2\/product"}],"about":[{"href":"https:\/\/safari.mx\/index.php\/wp-json\/wp\/v2\/types\/product"}],"replies":[{"embeddable":true,"href":"https:\/\/safari.mx\/index.php\/wp-json\/wp\/v2\/comments?post=38377"}],"wp:featuredmedia":[{"embeddable":true,"href":"https:\/\/safari.mx\/index.php\/wp-json\/wp\/v2\/media\/38380"}],"wp:attachment":[{"href":"https:\/\/safari.mx\/index.php\/wp-json\/wp\/v2\/media?parent=38377"}],"wp:term":[{"taxonomy":"product_cat","embeddable":true,"href":"https:\/\/safari.mx\/index.php\/wp-json\/wp\/v2\/product_cat?post=38377"},{"taxonomy":"product_tag","embeddable":true,"href":"https:\/\/safari.mx\/index.php\/wp-json\/wp\/v2\/product_tag?post=38377"}],"curies":[{"name":"wp","href":"https:\/\/api.w.org\/{rel}","templated":true}]}}