{"id":38400,"date":"2024-08-13T15:28:44","date_gmt":"2024-08-13T15:28:44","guid":{"rendered":"https:\/\/safari.mx\/index.php\/product\/dior-dolce-vita-100ml-christian-dior\/"},"modified":"2024-08-13T15:28:50","modified_gmt":"2024-08-13T15:28:50","slug":"dior-dolce-vita-100ml-christian-dior","status":"publish","type":"product","link":"https:\/\/safari.mx\/index.php\/product\/dior-dolce-vita-100ml-christian-dior\/","title":{"rendered":"Dior Dolce Vita 100Ml &#8211; Christian Dior"},"content":{"rendered":"<p><strong>ACORDES:<\/strong> C\u00e1lido especiado, amaderado, atalcado, avainillado, afrutados, canela, dulce, c\u00edtrico, arom\u00e1tico, bals\u00e1mico.<\/p>\n","protected":false},"excerpt":{"rendered":"<p>Dolce Vita de Dior es una fragancia de la familia olfativa \u00c1mbar Amaderada para Mujeres. Dolce Vita se lanz\u00f3 en 1994. Dolce Vita fue creada por Pierre Bourdon y Maurice Roger. Las Notas de Salida son durazno (melocot\u00f3n), cardamomo, azucena, toronja (pomelo), bergamota y rosa; las Notas de Coraz\u00f3n son canela, chabacano, palo de rosa de Brasil, azucena, heliotropo y magnolia; las Notas de Fondo son vainilla, s\u00e1ndalo, cedro y coco.<\/p>\n","protected":false},"featured_media":38401,"comment_status":"open","ping_status":"open","template":"","meta":[],"product_cat":[639,389,342,340,353,354,370,343,339,428,431],"product_tag":[],"class_list":{"0":"post-38400","1":"product","2":"type-product","3":"status-publish","4":"has-post-thumbnail","6":"product_cat-perfumes-de-linea-dama-perfumes-de-linea","7":"product_cat-christian-dior-marca","8":"product_cat-clasificacion","9":"product_cat-concentracion","10":"product_cat-disenador-clasificacion","11":"product_cat-eau-de-toilette-concentracion","12":"product_cat-femenino-genero","13":"product_cat-genero","14":"product_cat-marca","15":"product_cat-perfumes-de-linea","16":"product_cat-perfumes-disenador-perfumes-de-linea","17":"ts_product_brand-christian-dior","19":"first","20":"instock","21":"purchasable","22":"product-type-simple","23":"add-to-wishlist-after_add_to_cart"},"aioseo_notices":[],"_links":{"self":[{"href":"https:\/\/safari.mx\/index.php\/wp-json\/wp\/v2\/product\/38400","targetHints":{"allow":["GET"]}}],"collection":[{"href":"https:\/\/safari.mx\/index.php\/wp-json\/wp\/v2\/product"}],"about":[{"href":"https:\/\/safari.mx\/index.php\/wp-json\/wp\/v2\/types\/product"}],"replies":[{"embeddable":true,"href":"https:\/\/safari.mx\/index.php\/wp-json\/wp\/v2\/comments?post=38400"}],"wp:featuredmedia":[{"embeddable":true,"href":"https:\/\/safari.mx\/index.php\/wp-json\/wp\/v2\/media\/38401"}],"wp:attachment":[{"href":"https:\/\/safari.mx\/index.php\/wp-json\/wp\/v2\/media?parent=38400"}],"wp:term":[{"taxonomy":"product_cat","embeddable":true,"href":"https:\/\/safari.mx\/index.php\/wp-json\/wp\/v2\/product_cat?post=38400"},{"taxonomy":"product_tag","embeddable":true,"href":"https:\/\/safari.mx\/index.php\/wp-json\/wp\/v2\/product_tag?post=38400"}],"curies":[{"name":"wp","href":"https:\/\/api.w.org\/{rel}","templated":true}]}}