{"id":38568,"date":"2024-08-13T15:35:59","date_gmt":"2024-08-13T15:35:59","guid":{"rendered":"https:\/\/safari.mx\/index.php\/product\/organza-100ml-givenchy\/"},"modified":"2024-08-13T15:36:05","modified_gmt":"2024-08-13T15:36:05","slug":"l-interdit-80ml-givenchy","status":"publish","type":"product","link":"https:\/\/safari.mx\/index.php\/product\/l-interdit-80ml-givenchy\/","title":{"rendered":"L&#8217; Interdit 80ml &#8211; Givenchy"},"content":{"rendered":"<p><strong>ACORDES:<\/strong> Floral blanco, nardos, dulce, amaderado, c\u00edtrico, pachul\u00ed, avainillado, afrutados, anim\u00e1lico, terrosos.<\/p>\n","protected":false},"excerpt":{"rendered":"<p>L&#8217;Interdit Eau de Parfum de Givenchy es una fragancia de la familia olfativa \u00c1mbar Floral para Mujeres. L&#8217;Interdit Eau de Parfum se lanz\u00f3 en 2018. L&#8217;Interdit Eau de Parfum fue creada por Dominique Ropion, Anne Flipo y Fanny Bal. Las Notas de Salida son pera y bergamota; las Notas de Coraz\u00f3n son nardos, flor de azahar del naranjo y jazm\u00edn sambac (sampaguita); las Notas de Fondo son pachul\u00ed, vainilla, ambroxan y vetiver.<\/p>\n","protected":false},"featured_media":38572,"comment_status":"open","ping_status":"open","template":"","meta":[],"product_cat":[639,342,340,353,362,370,343,412,339,428,431],"product_tag":[],"class_list":{"0":"post-38568","1":"product","2":"type-product","3":"status-publish","4":"has-post-thumbnail","6":"product_cat-perfumes-de-linea-dama-perfumes-de-linea","7":"product_cat-clasificacion","8":"product_cat-concentracion","9":"product_cat-disenador-clasificacion","10":"product_cat-eau-de-parfum-concentracion","11":"product_cat-femenino-genero","12":"product_cat-genero","13":"product_cat-givenchy-marca","14":"product_cat-marca","15":"product_cat-perfumes-de-linea","16":"product_cat-perfumes-disenador-perfumes-de-linea","17":"ts_product_brand-givenchy","19":"first","20":"instock","21":"purchasable","22":"product-type-simple","23":"add-to-wishlist-after_add_to_cart"},"aioseo_notices":[],"_links":{"self":[{"href":"https:\/\/safari.mx\/index.php\/wp-json\/wp\/v2\/product\/38568","targetHints":{"allow":["GET"]}}],"collection":[{"href":"https:\/\/safari.mx\/index.php\/wp-json\/wp\/v2\/product"}],"about":[{"href":"https:\/\/safari.mx\/index.php\/wp-json\/wp\/v2\/types\/product"}],"replies":[{"embeddable":true,"href":"https:\/\/safari.mx\/index.php\/wp-json\/wp\/v2\/comments?post=38568"}],"wp:featuredmedia":[{"embeddable":true,"href":"https:\/\/safari.mx\/index.php\/wp-json\/wp\/v2\/media\/38572"}],"wp:attachment":[{"href":"https:\/\/safari.mx\/index.php\/wp-json\/wp\/v2\/media?parent=38568"}],"wp:term":[{"taxonomy":"product_cat","embeddable":true,"href":"https:\/\/safari.mx\/index.php\/wp-json\/wp\/v2\/product_cat?post=38568"},{"taxonomy":"product_tag","embeddable":true,"href":"https:\/\/safari.mx\/index.php\/wp-json\/wp\/v2\/product_tag?post=38568"}],"curies":[{"name":"wp","href":"https:\/\/api.w.org\/{rel}","templated":true}]}}