{"id":38733,"date":"2024-08-13T15:45:52","date_gmt":"2024-08-13T15:45:52","guid":{"rendered":"https:\/\/safari.mx\/index.php\/product\/opera-noir-100ml-maison-alhambra\/"},"modified":"2024-10-03T19:09:52","modified_gmt":"2024-10-03T19:09:52","slug":"opera-noir-100ml-maison-alhambra","status":"publish","type":"product","link":"https:\/\/safari.mx\/index.php\/product\/opera-noir-100ml-maison-alhambra\/","title":{"rendered":"Opera Noir &#8211; 100ml &#8211; Maison Alhambra"},"content":{"rendered":"<p>Inspiracion Black Opium\u00a0 YSL<\/p>\n","protected":false},"excerpt":{"rendered":"<p><b>Opera Noir<\/b>\u00a0de\u00a0<b>Maison Alhambra<\/b>\u00a0es una fragancia de la familia olfativa Floral para Mujeres.\u00a0<b>Opera Noir<\/b>\u00a0se lanz\u00f3 en 2022. Las Notas de Salida son pera y pimienta rosa; las Notas de Coraz\u00f3n son jazm\u00edn, caf\u00e9 y pimienta rosa; las Notas de Fondo son vainilla, cedro y pachul\u00ed.<\/p>\n","protected":false},"featured_media":38714,"comment_status":"open","ping_status":"closed","template":"","meta":[],"product_cat":[571,633,639,342,340,362,370,343,339,347,428],"product_tag":[],"class_list":{"0":"post-38733","1":"product","2":"type-product","3":"status-publish","4":"has-post-thumbnail","6":"product_cat-maison-alhambra-marca","7":"product_cat-perfumes-arabes-perfumes-de-linea","8":"product_cat-perfumes-de-linea-dama-perfumes-de-linea","9":"product_cat-clasificacion","10":"product_cat-concentracion","11":"product_cat-eau-de-parfum-concentracion","12":"product_cat-femenino-genero","13":"product_cat-genero","14":"product_cat-marca","15":"product_cat-niche-clasificacion","16":"product_cat-perfumes-de-linea","17":"ts_product_brand-maison-alhambra","19":"first","20":"instock","21":"purchasable","22":"product-type-simple","23":"add-to-wishlist-after_add_to_cart"},"aioseo_notices":[],"_links":{"self":[{"href":"https:\/\/safari.mx\/index.php\/wp-json\/wp\/v2\/product\/38733","targetHints":{"allow":["GET"]}}],"collection":[{"href":"https:\/\/safari.mx\/index.php\/wp-json\/wp\/v2\/product"}],"about":[{"href":"https:\/\/safari.mx\/index.php\/wp-json\/wp\/v2\/types\/product"}],"replies":[{"embeddable":true,"href":"https:\/\/safari.mx\/index.php\/wp-json\/wp\/v2\/comments?post=38733"}],"wp:featuredmedia":[{"embeddable":true,"href":"https:\/\/safari.mx\/index.php\/wp-json\/wp\/v2\/media\/38714"}],"wp:attachment":[{"href":"https:\/\/safari.mx\/index.php\/wp-json\/wp\/v2\/media?parent=38733"}],"wp:term":[{"taxonomy":"product_cat","embeddable":true,"href":"https:\/\/safari.mx\/index.php\/wp-json\/wp\/v2\/product_cat?post=38733"},{"taxonomy":"product_tag","embeddable":true,"href":"https:\/\/safari.mx\/index.php\/wp-json\/wp\/v2\/product_tag?post=38733"}],"curies":[{"name":"wp","href":"https:\/\/api.w.org\/{rel}","templated":true}]}}