{"id":38883,"date":"2024-08-13T15:55:07","date_gmt":"2024-08-13T15:55:07","guid":{"rendered":"https:\/\/safari.mx\/index.php\/product\/seductive-75ml-edt-guess\/"},"modified":"2024-08-13T15:55:11","modified_gmt":"2024-08-13T15:55:11","slug":"seductive-75ml-edt-guess","status":"publish","type":"product","link":"https:\/\/safari.mx\/index.php\/product\/seductive-75ml-edt-guess\/","title":{"rendered":"Seductive 75ml EDT &#8211; Guess"},"content":{"rendered":"<p><strong>ACORDES:<\/strong> Floral blanco, afrutados, avainillado, amaderado, c\u00edtrico, dulce, \u00e1mbar, fresco especiado, atalcado, bals\u00e1mico.<\/p>\n","protected":false},"excerpt":{"rendered":"<p>Guess Seductive de Guess es una fragancia de la familia olfativa Floral Frutal para Mujeres. Guess Seductive se lanz\u00f3 en 2010. La Nariz detr\u00e1s de esta fragancia es Veronique Nyberg. Las Notas de Salida son pera, bergamota y grosellas negras; las Notas de Coraz\u00f3n son jazm\u00edn, flor del naranjo africano y ra\u00edz de lirio; las Notas de Fondo son vainilla, madera de cachemira y incienso de ol\u00edbano (franquincienso).<\/p>\n","protected":false},"featured_media":38885,"comment_status":"open","ping_status":"open","template":"","meta":[],"product_cat":[342,340,353,354,343,418,339,351,428,430,431],"product_tag":[],"class_list":{"0":"post-38883","1":"product","2":"type-product","3":"status-publish","4":"has-post-thumbnail","6":"product_cat-clasificacion","7":"product_cat-concentracion","8":"product_cat-disenador-clasificacion","9":"product_cat-eau-de-toilette-concentracion","10":"product_cat-genero","11":"product_cat-guess-marca","12":"product_cat-marca","13":"product_cat-masculino-genero","14":"product_cat-perfumes-de-linea","15":"product_cat-perfumes-de-linea-caballero","16":"product_cat-perfumes-disenador-perfumes-de-linea","17":"ts_product_brand-guess","19":"first","20":"instock","21":"purchasable","22":"product-type-simple","23":"add-to-wishlist-after_add_to_cart"},"aioseo_notices":[],"_links":{"self":[{"href":"https:\/\/safari.mx\/index.php\/wp-json\/wp\/v2\/product\/38883","targetHints":{"allow":["GET"]}}],"collection":[{"href":"https:\/\/safari.mx\/index.php\/wp-json\/wp\/v2\/product"}],"about":[{"href":"https:\/\/safari.mx\/index.php\/wp-json\/wp\/v2\/types\/product"}],"replies":[{"embeddable":true,"href":"https:\/\/safari.mx\/index.php\/wp-json\/wp\/v2\/comments?post=38883"}],"wp:featuredmedia":[{"embeddable":true,"href":"https:\/\/safari.mx\/index.php\/wp-json\/wp\/v2\/media\/38885"}],"wp:attachment":[{"href":"https:\/\/safari.mx\/index.php\/wp-json\/wp\/v2\/media?parent=38883"}],"wp:term":[{"taxonomy":"product_cat","embeddable":true,"href":"https:\/\/safari.mx\/index.php\/wp-json\/wp\/v2\/product_cat?post=38883"},{"taxonomy":"product_tag","embeddable":true,"href":"https:\/\/safari.mx\/index.php\/wp-json\/wp\/v2\/product_tag?post=38883"}],"curies":[{"name":"wp","href":"https:\/\/api.w.org\/{rel}","templated":true}]}}