{"id":39152,"date":"2024-08-13T16:09:48","date_gmt":"2024-08-13T16:09:48","guid":{"rendered":"https:\/\/safari.mx\/index.php\/product\/toy-boy-100ml-edp-moschino\/"},"modified":"2024-08-13T16:09:56","modified_gmt":"2024-08-13T16:09:56","slug":"toy-boy-100ml-edp-moschino","status":"publish","type":"product","link":"https:\/\/safari.mx\/index.php\/product\/toy-boy-100ml-edp-moschino\/","title":{"rendered":"Toy Boy 100Ml EDP &#8211; Moschino"},"content":{"rendered":"<p><strong>ACORDES:<\/strong> Rosas, florales, almizclado, amaderado, especiado suave, \u00e1mbar, fresco especiado, arom\u00e1tico, dulce, c\u00e1lido especiado.<\/p>\n","protected":false},"excerpt":{"rendered":"<p>Toy Boy de Moschino es una fragancia de la familia olfativa Amaderada Especiada para Hombres. Toy Boy se lanz\u00f3 en 2019. La Nariz detr\u00e1s de esta fragancia es Yann Vasnier. Las Notas de Salida son pimienta rosa, pera, nuez moscada de Indonesia, elem\u00ed y bergamota; las Notas de Coraz\u00f3n son rosa, clavo de olor, magnolia y lino; las Notas de Fondo son cachemira, vetiver de Hait\u00ed, Sylkolide, s\u00e1ndalo y \u00e1mbar.<\/p>\n","protected":false},"featured_media":39153,"comment_status":"open","ping_status":"open","template":"","meta":[],"product_cat":[342,340,353,362,343,339,351,457,428,430,431],"product_tag":[],"class_list":{"0":"post-39152","1":"product","2":"type-product","3":"status-publish","4":"has-post-thumbnail","6":"product_cat-clasificacion","7":"product_cat-concentracion","8":"product_cat-disenador-clasificacion","9":"product_cat-eau-de-parfum-concentracion","10":"product_cat-genero","11":"product_cat-marca","12":"product_cat-masculino-genero","13":"product_cat-moschino-marca","14":"product_cat-perfumes-de-linea","15":"product_cat-perfumes-de-linea-caballero","16":"product_cat-perfumes-disenador-perfumes-de-linea","17":"ts_product_brand-moschino","19":"first","20":"instock","21":"purchasable","22":"product-type-simple","23":"add-to-wishlist-after_add_to_cart"},"aioseo_notices":[],"_links":{"self":[{"href":"https:\/\/safari.mx\/index.php\/wp-json\/wp\/v2\/product\/39152","targetHints":{"allow":["GET"]}}],"collection":[{"href":"https:\/\/safari.mx\/index.php\/wp-json\/wp\/v2\/product"}],"about":[{"href":"https:\/\/safari.mx\/index.php\/wp-json\/wp\/v2\/types\/product"}],"replies":[{"embeddable":true,"href":"https:\/\/safari.mx\/index.php\/wp-json\/wp\/v2\/comments?post=39152"}],"wp:featuredmedia":[{"embeddable":true,"href":"https:\/\/safari.mx\/index.php\/wp-json\/wp\/v2\/media\/39153"}],"wp:attachment":[{"href":"https:\/\/safari.mx\/index.php\/wp-json\/wp\/v2\/media?parent=39152"}],"wp:term":[{"taxonomy":"product_cat","embeddable":true,"href":"https:\/\/safari.mx\/index.php\/wp-json\/wp\/v2\/product_cat?post=39152"},{"taxonomy":"product_tag","embeddable":true,"href":"https:\/\/safari.mx\/index.php\/wp-json\/wp\/v2\/product_tag?post=39152"}],"curies":[{"name":"wp","href":"https:\/\/api.w.org\/{rel}","templated":true}]}}