{"id":39368,"date":"2024-08-13T16:24:58","date_gmt":"2024-08-13T16:24:58","guid":{"rendered":"https:\/\/safari.mx\/index.php\/product\/unforgivable-woman-125ml-edt-sean-john\/"},"modified":"2024-08-13T16:25:05","modified_gmt":"2024-08-13T16:25:05","slug":"unforgivable-woman-125ml-edt-sean-john","status":"publish","type":"product","link":"https:\/\/safari.mx\/index.php\/product\/unforgivable-woman-125ml-edt-sean-john\/","title":{"rendered":"Unforgivable Woman 125ml EDT &#8211; Sean John"},"content":{"rendered":"<p><strong>ACORDES:<\/strong> Amaderado, atalcado, afrutados, terrosos, c\u00edtrico, fresco, florales, floral blanco, arom\u00e1tico, c\u00e1lido especiado.<\/p>\n","protected":false},"excerpt":{"rendered":"<p>Unforgivable de Sean John es una fragancia de la familia olfativa Arom\u00e1tica Foug\u00e8re para Hombres. Unforgivable se lanz\u00f3 en 2006. Unforgivable fue creada por David Apel, Pierre Negrin, Aure\u0301lien Guichard y Caroline Sabas. Las Notas de Salida son naranja tangerina, mandarina verde, toronja (pomelo), lim\u00f3n siciliano (lima siciliana), bergamota, albahaca, hojas de abedul y enebro de Virginia; las Notas de Coraz\u00f3n son lavanda, esclarea y iris; las Notas de Fondo son ron, madera de cachemira, s\u00e1ndalo australiano, haba tonka y \u00e1mbar. Este perfume es el ganador del premio FiFi Award Fragrance Of The Year Men`s Luxe 2007.<\/p>\n","protected":false},"featured_media":39370,"comment_status":"open","ping_status":"open","template":"","meta":[],"product_cat":[639,768,342,340,353,362,370,343,339,428,431],"product_tag":[],"class_list":{"0":"post-39368","1":"product","2":"type-product","3":"status-publish","4":"has-post-thumbnail","6":"product_cat-perfumes-de-linea-dama-perfumes-de-linea","7":"product_cat-sean-john","8":"product_cat-clasificacion","9":"product_cat-concentracion","10":"product_cat-disenador-clasificacion","11":"product_cat-eau-de-parfum-concentracion","12":"product_cat-femenino-genero","13":"product_cat-genero","14":"product_cat-marca","15":"product_cat-perfumes-de-linea","16":"product_cat-perfumes-disenador-perfumes-de-linea","17":"ts_product_brand-sean-john","19":"first","20":"instock","21":"purchasable","22":"product-type-simple","23":"add-to-wishlist-after_add_to_cart"},"aioseo_notices":[],"_links":{"self":[{"href":"https:\/\/safari.mx\/index.php\/wp-json\/wp\/v2\/product\/39368","targetHints":{"allow":["GET"]}}],"collection":[{"href":"https:\/\/safari.mx\/index.php\/wp-json\/wp\/v2\/product"}],"about":[{"href":"https:\/\/safari.mx\/index.php\/wp-json\/wp\/v2\/types\/product"}],"replies":[{"embeddable":true,"href":"https:\/\/safari.mx\/index.php\/wp-json\/wp\/v2\/comments?post=39368"}],"wp:featuredmedia":[{"embeddable":true,"href":"https:\/\/safari.mx\/index.php\/wp-json\/wp\/v2\/media\/39370"}],"wp:attachment":[{"href":"https:\/\/safari.mx\/index.php\/wp-json\/wp\/v2\/media?parent=39368"}],"wp:term":[{"taxonomy":"product_cat","embeddable":true,"href":"https:\/\/safari.mx\/index.php\/wp-json\/wp\/v2\/product_cat?post=39368"},{"taxonomy":"product_tag","embeddable":true,"href":"https:\/\/safari.mx\/index.php\/wp-json\/wp\/v2\/product_tag?post=39368"}],"curies":[{"name":"wp","href":"https:\/\/api.w.org\/{rel}","templated":true}]}}