{"id":39448,"date":"2024-08-13T16:31:21","date_gmt":"2024-08-13T16:31:21","guid":{"rendered":"https:\/\/safari.mx\/index.php\/product\/tous-kids-girl-100ml-edt-tous\/"},"modified":"2024-08-13T16:31:30","modified_gmt":"2024-08-13T16:31:30","slug":"tous-kids-girl-100ml-edt-tous","status":"publish","type":"product","link":"https:\/\/safari.mx\/index.php\/product\/tous-kids-girl-100ml-edt-tous\/","title":{"rendered":"Tous Kids Girl 100ml EDT &#8211; Tous"},"content":{"rendered":"<p><strong>ACORDES:<\/strong> C\u00edtrico, dulce, afrutados, atalcado, avainillado, floral blanco, almizclado.<\/p>\n","protected":false},"excerpt":{"rendered":"<p>Tous Kids Girl de Tous es una fragancia de la familia olfativa Floral Frutal para Mujeres. Tous Kids Girl se lanz\u00f3 en 2012. Tous Kids Girl fue creada por Domitille Michalon Bertier y Juliette Karagueuzoglou. Las Notas de Salida son lim\u00f3n (lima \u00e1cida), quequito (pastelito) y mandarina; las Notas de Coraz\u00f3n son chabacano, flor de azahar del naranjo y margarita; las Notas de Fondo son frambuesa, vainilla y almizcle.<\/p>\n","protected":false},"featured_media":39450,"comment_status":"open","ping_status":"open","template":"","meta":[],"product_cat":[770,596,342,340,353,354,343,716,339,717,428,431,715],"product_tag":[],"class_list":{"0":"post-39448","1":"product","2":"type-product","3":"status-publish","4":"has-post-thumbnail","6":"product_cat-perfumes-de-linea-infantiles-perfumes-de-linea","7":"product_cat-tous-marca","8":"product_cat-clasificacion","9":"product_cat-concentracion","10":"product_cat-disenador-clasificacion","11":"product_cat-eau-de-toilette-concentracion","12":"product_cat-genero","13":"product_cat-infantil-genero","14":"product_cat-marca","15":"product_cat-p-infantiles-nina","16":"product_cat-perfumes-de-linea","17":"product_cat-perfumes-disenador-perfumes-de-linea","18":"product_cat-perfumes-infantiles","19":"ts_product_brand-tous","21":"first","22":"instock","23":"purchasable","24":"product-type-simple","25":"add-to-wishlist-after_add_to_cart"},"aioseo_notices":[],"_links":{"self":[{"href":"https:\/\/safari.mx\/index.php\/wp-json\/wp\/v2\/product\/39448","targetHints":{"allow":["GET"]}}],"collection":[{"href":"https:\/\/safari.mx\/index.php\/wp-json\/wp\/v2\/product"}],"about":[{"href":"https:\/\/safari.mx\/index.php\/wp-json\/wp\/v2\/types\/product"}],"replies":[{"embeddable":true,"href":"https:\/\/safari.mx\/index.php\/wp-json\/wp\/v2\/comments?post=39448"}],"wp:featuredmedia":[{"embeddable":true,"href":"https:\/\/safari.mx\/index.php\/wp-json\/wp\/v2\/media\/39450"}],"wp:attachment":[{"href":"https:\/\/safari.mx\/index.php\/wp-json\/wp\/v2\/media?parent=39448"}],"wp:term":[{"taxonomy":"product_cat","embeddable":true,"href":"https:\/\/safari.mx\/index.php\/wp-json\/wp\/v2\/product_cat?post=39448"},{"taxonomy":"product_tag","embeddable":true,"href":"https:\/\/safari.mx\/index.php\/wp-json\/wp\/v2\/product_tag?post=39448"}],"curies":[{"name":"wp","href":"https:\/\/api.w.org\/{rel}","templated":true}]}}