{"id":39463,"date":"2024-08-13T16:32:20","date_gmt":"2024-08-13T16:32:20","guid":{"rendered":"https:\/\/safari.mx\/index.php\/product\/love-moments-90-ml-edt-tous\/"},"modified":"2024-08-13T16:32:27","modified_gmt":"2024-08-13T16:32:27","slug":"love-moments-90-ml-edt-tous","status":"publish","type":"product","link":"https:\/\/safari.mx\/index.php\/product\/love-moments-90-ml-edt-tous\/","title":{"rendered":"Love Moments 90 ml EDT &#8211; Tous"},"content":{"rendered":"<p><strong>ACORDES:<\/strong> C\u00edtrico, atalcado, fresco, violeta, afrutados, amaderado, dulce, almizclado, floral blanco, fresco especiado.<\/p>\n","protected":false},"excerpt":{"rendered":"<p>Love Moments de Tous es una fragancia de la familia olfativa Almizcle Floral Amaderado para Mujeres. Love Moments se lanz\u00f3 en 2014. La Nariz detr\u00e1s de esta fragancia es Sophie Labbe. Las Notas de Salida son c\u00edtricos, toronja (pomelo) rosada y pimienta rosa; las Notas de Coraz\u00f3n son frambuesa, violeta y lirio de los valles (muguete); las Notas de Fondo son almizcle, iris, cedro y s\u00e1ndalo.<\/p>\n","protected":false},"featured_media":39462,"comment_status":"open","ping_status":"open","template":"","meta":[],"product_cat":[639,596,342,340,353,354,370,343,339,428,431],"product_tag":[],"class_list":{"0":"post-39463","1":"product","2":"type-product","3":"status-publish","4":"has-post-thumbnail","6":"product_cat-perfumes-de-linea-dama-perfumes-de-linea","7":"product_cat-tous-marca","8":"product_cat-clasificacion","9":"product_cat-concentracion","10":"product_cat-disenador-clasificacion","11":"product_cat-eau-de-toilette-concentracion","12":"product_cat-femenino-genero","13":"product_cat-genero","14":"product_cat-marca","15":"product_cat-perfumes-de-linea","16":"product_cat-perfumes-disenador-perfumes-de-linea","17":"ts_product_brand-tous","19":"first","20":"instock","21":"purchasable","22":"product-type-simple","23":"add-to-wishlist-after_add_to_cart"},"aioseo_notices":[],"_links":{"self":[{"href":"https:\/\/safari.mx\/index.php\/wp-json\/wp\/v2\/product\/39463","targetHints":{"allow":["GET"]}}],"collection":[{"href":"https:\/\/safari.mx\/index.php\/wp-json\/wp\/v2\/product"}],"about":[{"href":"https:\/\/safari.mx\/index.php\/wp-json\/wp\/v2\/types\/product"}],"replies":[{"embeddable":true,"href":"https:\/\/safari.mx\/index.php\/wp-json\/wp\/v2\/comments?post=39463"}],"wp:featuredmedia":[{"embeddable":true,"href":"https:\/\/safari.mx\/index.php\/wp-json\/wp\/v2\/media\/39462"}],"wp:attachment":[{"href":"https:\/\/safari.mx\/index.php\/wp-json\/wp\/v2\/media?parent=39463"}],"wp:term":[{"taxonomy":"product_cat","embeddable":true,"href":"https:\/\/safari.mx\/index.php\/wp-json\/wp\/v2\/product_cat?post=39463"},{"taxonomy":"product_tag","embeddable":true,"href":"https:\/\/safari.mx\/index.php\/wp-json\/wp\/v2\/product_tag?post=39463"}],"curies":[{"name":"wp","href":"https:\/\/api.w.org\/{rel}","templated":true}]}}