{"id":39534,"date":"2024-08-13T16:37:57","date_gmt":"2024-08-13T16:37:57","guid":{"rendered":"https:\/\/safari.mx\/index.php\/product\/pax-lorenzo-pazzaglia\/"},"modified":"2024-08-13T16:38:04","modified_gmt":"2024-08-13T16:38:04","slug":"pax-lorenzo-pazzaglia","status":"publish","type":"product","link":"https:\/\/safari.mx\/index.php\/product\/pax-lorenzo-pazzaglia\/","title":{"rendered":"Pax &#8211; Lorenzo Pazzaglia"},"content":{"rendered":"<p><strong>ACORDES:<\/strong> C\u00edtrico, arom\u00e1tico, marino, fresco especiado, salado, verde, dulce, amaderado, afrutados, herbal.<\/p>\n","protected":false},"excerpt":{"rendered":"<p>Pax de Lorenzo Pazzaglia es una fragancia de la familia olfativa para Hombres y Mujeres. Pax se lanz\u00f3 en 2017. La Nariz detr\u00e1s de esta fragancia es Lorenzo Pazzaglia. Las Notas de Salida son maracuy\u00e1 (fruta de la pasi\u00f3n), pera, c\u00edtricos, uvas y pimienta; las Notas de Coraz\u00f3n son jazm\u00edn, incienso, magnolia, cardamomo y casis (grosellero negro); las Notas de Fondo son almizcle blanco, \u00e1mbar, vainilla de Madagascar, cuero y madera de oud.<\/p>\n","protected":false},"featured_media":39536,"comment_status":"open","ping_status":"open","template":"","meta":[],"product_cat":[640,771,342,340,362,343,697,339,347,428,348],"product_tag":[],"class_list":{"0":"post-39534","1":"product","2":"type-product","3":"status-publish","4":"has-post-thumbnail","6":"product_cat-perfumes-de-linea-unisex-perfumes-de-linea","7":"product_cat-perfumes-nicho-perfumes-de-linea","8":"product_cat-clasificacion","9":"product_cat-concentracion","10":"product_cat-eau-de-parfum-concentracion","11":"product_cat-genero","12":"product_cat-lorenzo-pazzaglia-marca","13":"product_cat-marca","14":"product_cat-niche-clasificacion","15":"product_cat-perfumes-de-linea","16":"product_cat-unisex-genero","17":"ts_product_brand-lorenzo-pazzaglia","19":"first","20":"instock","21":"purchasable","22":"product-type-simple","23":"add-to-wishlist-after_add_to_cart"},"aioseo_notices":[],"_links":{"self":[{"href":"https:\/\/safari.mx\/index.php\/wp-json\/wp\/v2\/product\/39534","targetHints":{"allow":["GET"]}}],"collection":[{"href":"https:\/\/safari.mx\/index.php\/wp-json\/wp\/v2\/product"}],"about":[{"href":"https:\/\/safari.mx\/index.php\/wp-json\/wp\/v2\/types\/product"}],"replies":[{"embeddable":true,"href":"https:\/\/safari.mx\/index.php\/wp-json\/wp\/v2\/comments?post=39534"}],"wp:featuredmedia":[{"embeddable":true,"href":"https:\/\/safari.mx\/index.php\/wp-json\/wp\/v2\/media\/39536"}],"wp:attachment":[{"href":"https:\/\/safari.mx\/index.php\/wp-json\/wp\/v2\/media?parent=39534"}],"wp:term":[{"taxonomy":"product_cat","embeddable":true,"href":"https:\/\/safari.mx\/index.php\/wp-json\/wp\/v2\/product_cat?post=39534"},{"taxonomy":"product_tag","embeddable":true,"href":"https:\/\/safari.mx\/index.php\/wp-json\/wp\/v2\/product_tag?post=39534"}],"curies":[{"name":"wp","href":"https:\/\/api.w.org\/{rel}","templated":true}]}}