{"id":39537,"date":"2024-08-13T16:38:08","date_gmt":"2024-08-13T16:38:08","guid":{"rendered":"https:\/\/safari.mx\/index.php\/product\/evil-angel-a-k-a-28-09-lorenzo-pazzaglia\/"},"modified":"2024-08-13T16:38:15","modified_gmt":"2024-08-13T16:38:15","slug":"evil-angel-a-k-a-28-09-lorenzo-pazzaglia","status":"publish","type":"product","link":"https:\/\/safari.mx\/index.php\/product\/evil-angel-a-k-a-28-09-lorenzo-pazzaglia\/","title":{"rendered":"Evil Angel a.k.a. 28.09 &#8211; Lorenzo Pazzaglia"},"content":{"rendered":"<p><strong>ACORDES:<\/strong> C\u00edtrico, amaderado, afrutados, dulce, arom\u00e1tico, tropical, verde, avainillado, fresco especiado, fresco.<\/p>\n","protected":false},"excerpt":{"rendered":"<p>Evil Angel a.k.a. 28.09 de Lorenzo Pazzaglia es una fragancia de la familia olfativa para Hombres y Mujeres. Esta fragancia es nueva. Evil Angel a.k.a. 28.09 se lanz\u00f3 en 2022. La Nariz detr\u00e1s de esta fragancia es Lorenzo Pazzaglia. Las Notas de Salida son frutas tropicales, notas afrutadas, menta, lima (lim\u00f3n verde), c\u00edtricos, ajenjo (absenta), petit grain de Paraguay, madera de cachemira, almizcle, Notas de lluvias y roble; las Notas de Coraz\u00f3n son cidra, ron, coco, canela, whisky y acacia negra (robinia); las Notas de Fondo son vainilla, vainilla Bourbon, Iso E Super, s\u00e1ndalo, tabaco, cedro y mirra.<\/p>\n","protected":false},"featured_media":39539,"comment_status":"open","ping_status":"open","template":"","meta":[],"product_cat":[640,771,342,340,362,343,697,339,347,428,348],"product_tag":[],"class_list":{"0":"post-39537","1":"product","2":"type-product","3":"status-publish","4":"has-post-thumbnail","6":"product_cat-perfumes-de-linea-unisex-perfumes-de-linea","7":"product_cat-perfumes-nicho-perfumes-de-linea","8":"product_cat-clasificacion","9":"product_cat-concentracion","10":"product_cat-eau-de-parfum-concentracion","11":"product_cat-genero","12":"product_cat-lorenzo-pazzaglia-marca","13":"product_cat-marca","14":"product_cat-niche-clasificacion","15":"product_cat-perfumes-de-linea","16":"product_cat-unisex-genero","17":"ts_product_brand-lorenzo-pazzaglia","19":"first","20":"instock","21":"purchasable","22":"product-type-simple","23":"add-to-wishlist-after_add_to_cart"},"aioseo_notices":[],"_links":{"self":[{"href":"https:\/\/safari.mx\/index.php\/wp-json\/wp\/v2\/product\/39537","targetHints":{"allow":["GET"]}}],"collection":[{"href":"https:\/\/safari.mx\/index.php\/wp-json\/wp\/v2\/product"}],"about":[{"href":"https:\/\/safari.mx\/index.php\/wp-json\/wp\/v2\/types\/product"}],"replies":[{"embeddable":true,"href":"https:\/\/safari.mx\/index.php\/wp-json\/wp\/v2\/comments?post=39537"}],"wp:featuredmedia":[{"embeddable":true,"href":"https:\/\/safari.mx\/index.php\/wp-json\/wp\/v2\/media\/39539"}],"wp:attachment":[{"href":"https:\/\/safari.mx\/index.php\/wp-json\/wp\/v2\/media?parent=39537"}],"wp:term":[{"taxonomy":"product_cat","embeddable":true,"href":"https:\/\/safari.mx\/index.php\/wp-json\/wp\/v2\/product_cat?post=39537"},{"taxonomy":"product_tag","embeddable":true,"href":"https:\/\/safari.mx\/index.php\/wp-json\/wp\/v2\/product_tag?post=39537"}],"curies":[{"name":"wp","href":"https:\/\/api.w.org\/{rel}","templated":true}]}}