{"id":40135,"date":"2024-08-13T17:46:50","date_gmt":"2024-08-13T17:46:50","guid":{"rendered":"https:\/\/safari.mx\/index.php\/product\/valentino-donna-100ml-valentino-2\/"},"modified":"2024-08-13T17:47:01","modified_gmt":"2024-08-13T17:47:01","slug":"spicebomb-extreme-50ml-victor-rolf-3","status":"publish","type":"product","link":"https:\/\/safari.mx\/index.php\/product\/spicebomb-extreme-50ml-victor-rolf-3\/","title":{"rendered":"Spicebomb Extreme 50Ml &#8211; Victor &#038; Rolf"},"content":{"rendered":"<p><strong>ACORDES:<\/strong> Avainillado, tabaco, dulce, c\u00e1lido especiado, atalcado, canela.<\/p>\n","protected":false},"excerpt":{"rendered":"<p>Spicebomb Extreme de Viktor &amp; Rolf es una fragancia de la familia olfativa \u00c1mbar Especiada para Hombres. Spicebomb Extreme se lanz\u00f3 en 2015. Spicebomb Extreme fue creada por Carlos Benaim y Jean-Christophe H\u00e9rault. Notas de vainilla, tabaco, canela, comino, whisky bourbon, azafr\u00e1n.<\/p>\n","protected":false},"featured_media":31608,"comment_status":"open","ping_status":"open","template":"","meta":[],"product_cat":[497,342,340,353,362,343,339,351,428,430,431,776],"product_tag":[],"class_list":{"0":"post-40135","1":"product","2":"type-product","3":"status-publish","4":"has-post-thumbnail","6":"product_cat-viktor-and-rolf-marca","7":"product_cat-clasificacion","8":"product_cat-concentracion","9":"product_cat-disenador-clasificacion","10":"product_cat-eau-de-parfum-concentracion","11":"product_cat-genero","12":"product_cat-marca","13":"product_cat-masculino-genero","14":"product_cat-perfumes-de-linea","15":"product_cat-perfumes-de-linea-caballero","16":"product_cat-perfumes-disenador-perfumes-de-linea","17":"product_cat-perfumes-miniatura","18":"ts_product_brand-viktor-and-rolf","20":"first","21":"instock","22":"purchasable","23":"product-type-simple","24":"add-to-wishlist-after_add_to_cart"},"aioseo_notices":[],"_links":{"self":[{"href":"https:\/\/safari.mx\/index.php\/wp-json\/wp\/v2\/product\/40135","targetHints":{"allow":["GET"]}}],"collection":[{"href":"https:\/\/safari.mx\/index.php\/wp-json\/wp\/v2\/product"}],"about":[{"href":"https:\/\/safari.mx\/index.php\/wp-json\/wp\/v2\/types\/product"}],"replies":[{"embeddable":true,"href":"https:\/\/safari.mx\/index.php\/wp-json\/wp\/v2\/comments?post=40135"}],"wp:featuredmedia":[{"embeddable":true,"href":"https:\/\/safari.mx\/index.php\/wp-json\/wp\/v2\/media\/31608"}],"wp:attachment":[{"href":"https:\/\/safari.mx\/index.php\/wp-json\/wp\/v2\/media?parent=40135"}],"wp:term":[{"taxonomy":"product_cat","embeddable":true,"href":"https:\/\/safari.mx\/index.php\/wp-json\/wp\/v2\/product_cat?post=40135"},{"taxonomy":"product_tag","embeddable":true,"href":"https:\/\/safari.mx\/index.php\/wp-json\/wp\/v2\/product_tag?post=40135"}],"curies":[{"name":"wp","href":"https:\/\/api.w.org\/{rel}","templated":true}]}}