{"id":40142,"date":"2024-08-13T17:47:19","date_gmt":"2024-08-13T17:47:19","guid":{"rendered":"https:\/\/safari.mx\/index.php\/product\/spicebomb-clasico-90ml-victor-rolf\/"},"modified":"2024-08-13T17:47:28","modified_gmt":"2024-08-13T17:47:28","slug":"spicebomb-clasico-90ml-victor-rolf","status":"publish","type":"product","link":"https:\/\/safari.mx\/index.php\/product\/spicebomb-clasico-90ml-victor-rolf\/","title":{"rendered":"Spicebomb Clasico 90Ml &#8211; Victor &#038; Rolf"},"content":{"rendered":"<p><strong>ACORDES:<\/strong> C\u00e1lido especiado, canela, tabaco, dulce, especiado suave, cuero, arom\u00e1tico, c\u00edtrico.<\/p>\n","protected":false},"excerpt":{"rendered":"<p>Spicebomb de Viktor&amp;Rolf es una fragancia de la familia olfativa Amaderada Especiada para Hombres. Spicebomb se lanz\u00f3 en 2012. La Nariz detr\u00e1s de esta fragrancia es Olivier Polge. Las Notas de Salida son pimienta rosa, elem\u00ed, bergamota y toronja (pomelo); las Notas de Coraz\u00f3n son canela, azafr\u00e1n y piment\u00f3n dulce (paprika); las Notas de Fondo son tabaco, cuero y vetiver.<\/p>\n","protected":false},"featured_media":40149,"comment_status":"open","ping_status":"open","template":"","meta":[],"product_cat":[497,342,340,353,362,343,339,351,428,430,431],"product_tag":[],"class_list":{"0":"post-40142","1":"product","2":"type-product","3":"status-publish","4":"has-post-thumbnail","6":"product_cat-viktor-and-rolf-marca","7":"product_cat-clasificacion","8":"product_cat-concentracion","9":"product_cat-disenador-clasificacion","10":"product_cat-eau-de-parfum-concentracion","11":"product_cat-genero","12":"product_cat-marca","13":"product_cat-masculino-genero","14":"product_cat-perfumes-de-linea","15":"product_cat-perfumes-de-linea-caballero","16":"product_cat-perfumes-disenador-perfumes-de-linea","17":"ts_product_brand-viktor-and-rolf","19":"first","20":"instock","21":"purchasable","22":"product-type-simple","23":"add-to-wishlist-after_add_to_cart"},"aioseo_notices":[],"_links":{"self":[{"href":"https:\/\/safari.mx\/index.php\/wp-json\/wp\/v2\/product\/40142","targetHints":{"allow":["GET"]}}],"collection":[{"href":"https:\/\/safari.mx\/index.php\/wp-json\/wp\/v2\/product"}],"about":[{"href":"https:\/\/safari.mx\/index.php\/wp-json\/wp\/v2\/types\/product"}],"replies":[{"embeddable":true,"href":"https:\/\/safari.mx\/index.php\/wp-json\/wp\/v2\/comments?post=40142"}],"wp:featuredmedia":[{"embeddable":true,"href":"https:\/\/safari.mx\/index.php\/wp-json\/wp\/v2\/media\/40149"}],"wp:attachment":[{"href":"https:\/\/safari.mx\/index.php\/wp-json\/wp\/v2\/media?parent=40142"}],"wp:term":[{"taxonomy":"product_cat","embeddable":true,"href":"https:\/\/safari.mx\/index.php\/wp-json\/wp\/v2\/product_cat?post=40142"},{"taxonomy":"product_tag","embeddable":true,"href":"https:\/\/safari.mx\/index.php\/wp-json\/wp\/v2\/product_tag?post=40142"}],"curies":[{"name":"wp","href":"https:\/\/api.w.org\/{rel}","templated":true}]}}