{"id":40171,"date":"2024-08-13T17:48:52","date_gmt":"2024-08-13T17:48:52","guid":{"rendered":"https:\/\/safari.mx\/index.php\/product\/amber-oud-gold-edition-120ml-al-haramain\/"},"modified":"2024-08-13T17:49:01","modified_gmt":"2024-08-13T17:49:01","slug":"amber-oud-gold-edition-120ml-al-haramain","status":"publish","type":"product","link":"https:\/\/safari.mx\/index.php\/product\/amber-oud-gold-edition-120ml-al-haramain\/","title":{"rendered":"Amber Oud Gold Edition 120Ml &#8211; Al Haramain"},"content":{"rendered":"<p><strong>ACORDES:<\/strong> Dulce, afrutados, oz\u00f3nico, almizclado, atalcado, \u00e1mbar, fresco, avainillado, acu\u00e1tico, amaderado.<\/p>\n","protected":false},"excerpt":{"rendered":"<p>Amber Oud Gold Edition de Al Haramain Perfumes es una fragancia de la familia olfativa \u00c1mbar Vainilla para Hombres y Mujeres. Amber Oud Gold Edition se lanz\u00f3 en 2018. Las Notas de Salida son bergamota y notas verdes; las Notas de Coraz\u00f3n son notas dulces, mel\u00f3n, pi\u00f1a y \u00e1mbar; las Notas de Fondo son almizcle, vainilla y notas amaderadas.<\/p>\n","protected":false},"featured_media":40173,"comment_status":"open","ping_status":"open","template":"","meta":[],"product_cat":[519,633,372,342,340,362,343,339,351,428,430],"product_tag":[],"class_list":{"0":"post-40171","1":"product","2":"type-product","3":"status-publish","4":"has-post-thumbnail","6":"product_cat-al-haramain","7":"product_cat-perfumes-arabes-perfumes-de-linea","8":"product_cat-arabe-clasificacion","9":"product_cat-clasificacion","10":"product_cat-concentracion","11":"product_cat-eau-de-parfum-concentracion","12":"product_cat-genero","13":"product_cat-marca","14":"product_cat-masculino-genero","15":"product_cat-perfumes-de-linea","16":"product_cat-perfumes-de-linea-caballero","17":"ts_product_brand-al-haramain","19":"first","20":"instock","21":"purchasable","22":"product-type-simple","23":"add-to-wishlist-after_add_to_cart"},"aioseo_notices":[],"_links":{"self":[{"href":"https:\/\/safari.mx\/index.php\/wp-json\/wp\/v2\/product\/40171","targetHints":{"allow":["GET"]}}],"collection":[{"href":"https:\/\/safari.mx\/index.php\/wp-json\/wp\/v2\/product"}],"about":[{"href":"https:\/\/safari.mx\/index.php\/wp-json\/wp\/v2\/types\/product"}],"replies":[{"embeddable":true,"href":"https:\/\/safari.mx\/index.php\/wp-json\/wp\/v2\/comments?post=40171"}],"wp:featuredmedia":[{"embeddable":true,"href":"https:\/\/safari.mx\/index.php\/wp-json\/wp\/v2\/media\/40173"}],"wp:attachment":[{"href":"https:\/\/safari.mx\/index.php\/wp-json\/wp\/v2\/media?parent=40171"}],"wp:term":[{"taxonomy":"product_cat","embeddable":true,"href":"https:\/\/safari.mx\/index.php\/wp-json\/wp\/v2\/product_cat?post=40171"},{"taxonomy":"product_tag","embeddable":true,"href":"https:\/\/safari.mx\/index.php\/wp-json\/wp\/v2\/product_tag?post=40171"}],"curies":[{"name":"wp","href":"https:\/\/api.w.org\/{rel}","templated":true}]}}