{"id":40325,"date":"2024-08-13T17:59:01","date_gmt":"2024-08-13T17:59:01","guid":{"rendered":"https:\/\/safari.mx\/index.php\/product\/porto-neroli-80ml-maison-alhambra\/"},"modified":"2024-08-13T17:59:10","modified_gmt":"2024-08-13T17:59:10","slug":"porto-neroli-80ml-maison-alhambra","status":"publish","type":"product","link":"https:\/\/safari.mx\/index.php\/product\/porto-neroli-80ml-maison-alhambra\/","title":{"rendered":"Porto Neroli 80Ml &#8211; Maison Alhambra"},"content":{"rendered":"<p><strong>Acordes:<\/strong> C\u00edtrico, floral blanco, fresco, verde, arom\u00e1tico.<\/p>\n","protected":false},"excerpt":{"rendered":"<p>Porto Neroli de Maison Alhambra es una fragancia de la familia olfativa para Hombres y Mujeres. Las Notas de Salida son neroli, lim\u00f3n (lima \u00e1cida), mandarina, jazm\u00edn y naranja amarga; las Notas de Coraz\u00f3n son flor de azahar del naranjo, lavanda y sal de mar; las Notas de Fondo son notas herbales, \u00e1mbar y ajenjo (absenta).<\/p>\n","protected":false},"featured_media":40326,"comment_status":"open","ping_status":"open","template":"","meta":[],"product_cat":[571,633,372,342,340,362,343,339,351,428,430,348],"product_tag":[],"class_list":{"0":"post-40325","1":"product","2":"type-product","3":"status-publish","4":"has-post-thumbnail","6":"product_cat-maison-alhambra-marca","7":"product_cat-perfumes-arabes-perfumes-de-linea","8":"product_cat-arabe-clasificacion","9":"product_cat-clasificacion","10":"product_cat-concentracion","11":"product_cat-eau-de-parfum-concentracion","12":"product_cat-genero","13":"product_cat-marca","14":"product_cat-masculino-genero","15":"product_cat-perfumes-de-linea","16":"product_cat-perfumes-de-linea-caballero","17":"product_cat-unisex-genero","18":"ts_product_brand-maison-alhambra","20":"first","21":"instock","22":"purchasable","23":"product-type-simple","24":"add-to-wishlist-after_add_to_cart"},"aioseo_notices":[],"_links":{"self":[{"href":"https:\/\/safari.mx\/index.php\/wp-json\/wp\/v2\/product\/40325","targetHints":{"allow":["GET"]}}],"collection":[{"href":"https:\/\/safari.mx\/index.php\/wp-json\/wp\/v2\/product"}],"about":[{"href":"https:\/\/safari.mx\/index.php\/wp-json\/wp\/v2\/types\/product"}],"replies":[{"embeddable":true,"href":"https:\/\/safari.mx\/index.php\/wp-json\/wp\/v2\/comments?post=40325"}],"wp:featuredmedia":[{"embeddable":true,"href":"https:\/\/safari.mx\/index.php\/wp-json\/wp\/v2\/media\/40326"}],"wp:attachment":[{"href":"https:\/\/safari.mx\/index.php\/wp-json\/wp\/v2\/media?parent=40325"}],"wp:term":[{"taxonomy":"product_cat","embeddable":true,"href":"https:\/\/safari.mx\/index.php\/wp-json\/wp\/v2\/product_cat?post=40325"},{"taxonomy":"product_tag","embeddable":true,"href":"https:\/\/safari.mx\/index.php\/wp-json\/wp\/v2\/product_tag?post=40325"}],"curies":[{"name":"wp","href":"https:\/\/api.w.org\/{rel}","templated":true}]}}